 What is the remainder when s is divided by 16?
13
Let v(t) = -2*t**3 - 8*t**2 + 3*t - 5. Calculate the remainder when v(-6) is divided by 32.
25
Let a be -3 + ((-8)/4 - -65). Let d = -47 + a. Let r = 2 + 3. Calculate the remainder when d is divided by r.
3
Let w(c) = -c**3 + 5*c**2 + 7*c + 1. Suppose 2*p + 2*p = h + 7, 0 = 2*p - 2. Let k be 3 + 0/1 - h. Calculate the remainder when 26 is divided by w(k).
5
Suppose 5*n - 2*a = 338, 3*n + a = -2*a + 186. Calculate the remainder when 1253 is divided by n.
65
Suppose -2 = -x + 5. Calculate the remainder when 43 is divided by x.
1
Let z = -17 - -31. Let u = 124 - 183. Let j = -6 - u. Calculate the remainder when j is divided by z.
11
Let d be (0 + (2 - 2))/(-3 - -2). What is the remainder when 31 is divided by d - (-3 + (-1 - 0))?
3
Calculate the remainder when 12*13 - 8*(-5)/(-8) is divided by 44.
19
Let j(w) = w**3 - w + 213. Let i be j(0). Let f = -132 + i. Let d = f - 31. Calculate the remainder when d is divided by 13.
11
Let y be (-6)/4*(-160)/48. Suppose y*r - 4 - 6 = 0. Suppose -v - 17 = -r*v. Calculate the remainder when v is divided by 10.
7
Let k(m) be the first derivative of -m**4/2 - 5*m**3/3 - 2*m**2 - 4*m - 19. Calculate the remainder when 30 is divided by k(-3).
13
Let n = 680 - 582. Calculate the remainder when 583 is divided by n.
93
Suppose 0 = 16*s - 494 + 126. Calculate the remainder when 88 is divided by s.
19
Let r(z) = -z**3 - 6*z**2 - 6*z - 6. Let m be 2/(-20)*-5*8. Calculate the remainder when r(-6) is divided by 205/25 + m/5 + -1.
6
Let x = -207 - -220. Calculate the remainder when 479 is divided by x.
11
Calculate the remainder when 128 is divided by -22*(-1 + 2)*(-7)/14.
7
Let p(t) = 2*t**3 + 4*t - 7. What is the remainder when p(4) is divided by 62?
13
Let m = 100 - 100. Suppose 0 = -2*h - n + 7, m = -2*n + 1 - 3. Calculate the remainder when 27 is divided by h.
3
Suppose -5*b - 18 + 3 = 0, k - 5*b = 30. Suppose o - 32 = -3*c, o - 14 = -c - 0. What is the remainder when k is divided by c?
6
Suppose 8*n = -2*n + 330. Calculate the remainder when n is divided by 5.
3
Suppose 0 = 5*m - 12*a + 10*a - 3297, 4*m + 2*a = 2652. What is the remainder when m is divided by 39?
37
Let r = -23 + 39. Let d = r + -6. Calculate the remainder when 29 is divided by d.
9
Suppose -2*g = -4*g + 16. Let f(x) = -15*x**3 - x - 1. Let p(c) = -2*c**3 + 1. Let b be p(1). What is the remainder when f(b) is divided by g?
7
Let d = -30 - -95. Suppose 44 = d*o - 61*o. What is the remainder when 29 is divided by o?
7
Suppose 0 = -3*b + 48. Calculate the remainder when 140 is divided by b.
12
Let d = -26 + 29. Suppose -d*t = 3, 5*l + t - 82 = -2*t. Calculate the remainder when l is divided by 6.
5
Let d(k) = -k**2 - 52*k - 490. Calculate the remainder when 39 is divided by d(-39).
5
Let w(j) = -2*j**2 + 23*j + 10. Suppose -2*s = 2*s - 68. Calculate the remainder when w(8) is divided by s.
15
Let t(n) = -48*n - 99. What is the remainder when t(-5) is divided by 48?
45
Let z(k) = 2*k**3 + 24*k**2 - 29*k - 32. Let c(y) = -y - 2. What is the remainder when z(-13) is divided by c(-4)?
1
Let p(l) = 2*l - 6*l + 1 + 28*l**2 + 4*l. Let w(b) = -b**2 + 14*b - 17. What is the remainder when p(1) is divided by w(11)?
13
Suppose 3*o - 4 = 5. Calculate the remainder when 26 is divided by o.
2
Suppose 0 = -a + 5*v + 79, 9*v - 280 = -5*a + 11*v. Calculate the remainder when a is divided by 30.
24
Suppose 2*m = -2*t + t + 29, 2*t - 73 = m. What is the remainder when t is divided by 11 + (-1 + -3 - (31 + -42))?
17
Suppose -q - 9 - 22 = -2*c, 5*q = 5*c - 155. Let j = q - -57. What is the remainder when 43 is divided by j?
17
Suppose -4*j - 4*t - 76 = 0, 12 - 38 = 2*j - t. Let p = 37 - 14. Let i = p + j. What is the remainder when 15 is divided by i?
7
Let g = -357 - -473. Calculate the remainder when g is divided by 77.
39
Let u(z) = 9*z + 40. What is the remainder when u(8) is divided by 13?
8
Calculate the remainder when -249*(3 - 1)/(1 + -7) is divided by 21.
20
Let h = 7 + 3. Calculate the remainder when 28 - (-5 - (4 - 10)) is divided by h.
7
Let p = -546 + 547. What is the remainder when 46 is divided by p?
0
Let a(l) be the second derivative of -1/20*l**5 + 0 - 1/3*l**3 + 3*l + 8*l**2 - 11/12*l**4. What is the remainder when a(-11) is divided by 13?
12
Suppose 47 = -2*o + 233. What is the remainder when o is divided by 9?
3
Let j(o) = o**3 - o**2 + 4. Let l(c) = 4*c - 1. Let v be l(1). What is the remainder when -2*7662/(-180) + (112/60 - 2) is divided by j(v)?
19
Let h = 55 - 55. Suppose -5*f - 3 = 2, h = 4*t - 4*f - 1100. Calculate the remainder when t is divided by 46.
44
Suppose 0 = -3*s - k + 522, -6*k = -8*k + 6. What is the remainder when s is divided by 32?
13
Suppose 11 = n + 9. Suppose -2 - 6 = -n*f. What is the remainder when 6 is divided by f?
2
Let a(n) = -43*n - 374. Let p = 48 + -24. Calculate the remainder when p is divided by a(-9).
11
What is the remainder when 44 is divided by (-3 - -21)*(-10)/(-15)?
8
Suppose c + 0*n + n - 36 = 0, -5*n - 25 = 0. What is the remainder when c is divided by 4 + (12/8)/((-6)/(-40))?
13
Suppose -o + 34 = -4*t, 3*o = 2*t - 4*t + 172. What is the remainder when 264 is divided by o?
48
Suppose 0 = 3*g - 1 - 101. What is the remainder when 87 is divided by g?
19
Let d = 31 + -60. Let q = d - -83. Let j = 80 - q. What is the remainder when j is divided by 14?
12
Suppose -7 = 7*a - 0. Calculate the remainder when 13*(a - (-12)/3) is divided by 10.
9
Let f(d) = -d**3 - 19*d**2 + 19*d + 6. Let u be f(-20). Suppose -3*j = -28 - u. What is the remainder when j is divided by 11?
7
Let k = -648 + 1767. What is the remainder when k is divided by 33?
30
Suppose -2*u - 43 = -3*u. What is the remainder when 214 is divided by u?
42
Calculate the remainder when 3 + -8*78/(-12) is divided by 2.
1
Let y be 2 - (-15)/(-3) - -4. Suppose 0 = -g - 11 + y. Let a = g + 21. Calculate the remainder when a is divided by 5.
1
Let r(l) = 2*l**3 + 2*l**2 - 2*l + 1. Let p be r(1). Suppose -24 - 9 = p*t. Let w = t - -54. Calculate the remainder when w is divided by 11.
10
Let d(o) = o**3 - 10*o**2 + 2*o + 31. Let h be d(10). Let u = 76 - h. What is the remainder when u is divided by 14?
11
Let k be 4/8*-6 + -726. Let q be ((-4)/6)/(18/k). Suppose v = q + 14. What is the remainder when v is divided by 11?
8
Let c = 6 + 9. What is the remainder when (-5)/(-15)*(-2 - -128) is divided by c?
12
Suppose -987 = 10*g - 31*g. What is the remainder when g is divided by 5?
2
Let o(k) = -2*k + 69. Calculate the remainder when 227 is divided by o(25).
18
Let x = -5 - -10. Suppose 6*c = 11*c + x. Let m(g) = -57*g**3 - g - 1. Calculate the remainder when m(c) is divided by 15.
12
What is the remainder when (-7030)/(-35) - (-2)/14 is divided by 61?
18
Let u(j) = j**3 + 14*j**2 + 13*j + 10. Suppose 9 = 3*z - 3. Calculate the remainder when u(-13) is divided by z.
2
Let z = -609 - -668. Calculate the remainder when z is divided by 30.
29
Let n = 1713 - 1519. Calculate the remainder when n is divided by 70.
54
Suppose 2*o + 55 = -5*s, o + 55 = 4*s - s. Calculate the remainder when -1*(-96 + (-4)/(-2)) is divided by 3/5 - 936/o.
22
What is the remainder when (-4590)/(-55) + (-216)/(-33) + -6 is divided by 34?
16
Suppose 39 = -4*u - 25. Let j = 55 + u. Suppose 56*f - 58*f = w - 26, 0 = -f + 4*w + 22. Calculate the remainder when j is divided by f.
11
Let x = 24 - -89. Let f = x + -82. Calculate the remainder when f is divided by 17.
14
Let c(b) = b**3 + b**2 - 6*b. Let l = -4 + 2. Calculate the remainder when (-71)/l - (-2)/(-4) is divided by c(3).
17
Suppose 0 = 26*u - 963 - 467. Calculate the remainder when u is divided by 17.
4
Suppose -5*d = -3*x + 13, x + 4*d = -x + 16. Suppose 2*m + 5*y - 5 = 9, -4*m = -3*y - 2. Calculate the remainder when 18/15*20/x is divided by m.
0
Suppose 63*m = 4675 + 554. What is the remainder when m is divided by (-2)/(2 + (-43)/21)?
41
Suppose 0 = 4*i - 12*i + 432. What is the remainder when 65 is divided by (8/12)/(1/i)?
29
Let b = 12 - 24. Calculate the remainder when (-276)/(-18) - 8/b is divided by 9.
7
Let a(d) = -d**3 + 11*d**2 - 10*d - 11. Let h be 15*(56/6 - 4). Let b be 6/4*h/15. Calculate the remainder when a(b) is divided by 17.
16
Let d = 326 - 254. What is the remainde